{"id":257,"date":"2025-01-30T14:59:44","date_gmt":"2025-01-30T17:59:44","guid":{"rendered":"https:\/\/fenord.edu.br\/site\/?page_id=257"},"modified":"2025-05-14T14:29:00","modified_gmt":"2025-05-14T17:29:00","slug":"nace","status":"publish","type":"page","link":"https:\/\/fenord.edu.br\/site\/nace\/","title":{"rendered":"NACE"},"content":{"rendered":"<h2 class=\"wp-block-heading\">N\u00facleo de Atividade Complementar e Extens\u00e3o<\/h2>\n<p>Institu\u00eddo em 03 de novembro de 2011, o N\u00facleo de Atividade Complementar e Extens\u00e3o, normatizado em regulamentado pr\u00f3prio, bem como pela\u00a0<a href=\"https:\/\/fenord.edu.br\/site\/wp-content\/uploads\/2025\/05\/Resolucao-CSE-IESI-No08-do-NACE_Reeditada-em-25.03.2025.pdf\" target=\"_blank\" rel=\"noopener\">Resolu\u00e7\u00e3o CSE \u2013 IESI n\u00ba 08<\/a>, \u00e9 um dos \u00f3rg\u00e3os componentes do IESI e como tal, ligado e supervisionado pela Coordena\u00e7\u00e3o Geral do Instituto.<\/p>\n<p>Tendo em vista sua fun\u00e7\u00e3o prec\u00edpua de planejar e coordenar a realiza\u00e7\u00e3o das atividades complementares e de extens\u00e3o promovidas pelo IESI\/FENORD, referido n\u00facleo \u00e9 o \u00f3rg\u00e3o competente por dirimir, em primeira inst\u00e2ncia, quaisquer d\u00favidas referentes ao cumprimento de tais atividades ainda que realizadas fora da institui\u00e7\u00e3o, desde que a consulta seja feita por escrito, atrav\u00e9s do requerimento padr\u00e3o do IESI\/FENORD.<\/p>\n<p><a href=\"https:\/\/fenord.edu.br\/site\/wp-content\/uploads\/2025\/05\/Regulamento_Nace_2013_Ams_13.05.2025.pdf\">Regulamento-NACE<\/a><\/p>\n<p><a href=\"https:\/\/fenord.edu.br\/site\/wp-content\/uploads\/2025\/05\/Regulamento_Atividades-de-Extensao.pdf\">Regulamento de Extens\u00e3o<\/a><\/p>\n<p><a href=\"https:\/\/fenord.edu.br\/site\/wp-content\/uploads\/2025\/05\/Resolucao-CSE-IESI-No08-do-NACE_Reeditada-em-25.03.2025.pdf\">Resolu\u00e7\u00e3o de Atividade Complementar<\/a><\/p>\n<p><a href=\"https:\/\/fenord.edu.br\/site\/wp-content\/uploads\/2025\/01\/Regulamento-Extensao.pdf\">Cartilha<\/a><\/p>\n","protected":false},"excerpt":{"rendered":"<p>N\u00facleo de Atividade Complementar e Extens\u00e3o Institu\u00eddo em 03 de novembro de 2011, o N\u00facleo de Atividade Complementar e Extens\u00e3o, normatizado em regulamentado pr\u00f3prio, bem como pela\u00a0Resolu\u00e7\u00e3o CSE \u2013 IESI n\u00ba 08, \u00e9 um dos \u00f3rg\u00e3os componentes do IESI e como tal, ligado e supervisionado pela Coordena\u00e7\u00e3o Geral do Instituto. &hellip; <\/p>\n","protected":false},"author":1,"featured_media":0,"parent":0,"menu_order":0,"comment_status":"closed","ping_status":"closed","template":"","meta":{"_editorskit_title_hidden":false,"_editorskit_reading_time":0,"_editorskit_is_block_options_detached":false,"_editorskit_block_options_position":"{}","footnotes":""},"class_list":["post-257","page","type-page","status-publish","hentry"],"_links":{"self":[{"href":"https:\/\/fenord.edu.br\/site\/wp-json\/wp\/v2\/pages\/257","targetHints":{"allow":["GET"]}}],"collection":[{"href":"https:\/\/fenord.edu.br\/site\/wp-json\/wp\/v2\/pages"}],"about":[{"href":"https:\/\/fenord.edu.br\/site\/wp-json\/wp\/v2\/types\/page"}],"author":[{"embeddable":true,"href":"https:\/\/fenord.edu.br\/site\/wp-json\/wp\/v2\/users\/1"}],"replies":[{"embeddable":true,"href":"https:\/\/fenord.edu.br\/site\/wp-json\/wp\/v2\/comments?post=257"}],"version-history":[{"count":6,"href":"https:\/\/fenord.edu.br\/site\/wp-json\/wp\/v2\/pages\/257\/revisions"}],"predecessor-version":[{"id":457,"href":"https:\/\/fenord.edu.br\/site\/wp-json\/wp\/v2\/pages\/257\/revisions\/457"}],"wp:attachment":[{"href":"https:\/\/fenord.edu.br\/site\/wp-json\/wp\/v2\/media?parent=257"}],"curies":[{"name":"wp","href":"https:\/\/api.w.org\/{rel}","templated":true}]}}

<h2 class="wp-block-heading">Núcleo de Atividade Complementar e Extensão</h2>
<p>Instituído em 03 de novembro de 2011, o Núcleo de Atividade Complementar e Extensão, normatizado em regulamentado próprio, bem como pela <a href="https://fenord.edu.br/site/wp-content/uploads/2025/05/Resolucao-CSE-IESI-No08-do-NACE_Reeditada-em-25.03.2025.pdf" target="_blank" rel="noopener">Resolução CSE – IESI nº 08</a>, é um dos órgãos componentes do IESI e como tal, ligado e supervisionado pela Coordenação Geral do Instituto.</p>
<p>Tendo em vista sua função precípua de planejar e coordenar a realização das atividades complementares e de extensão promovidas pelo IESI/FENORD, referido núcleo é o órgão competente por dirimir, em primeira instância, quaisquer dúvidas referentes ao cumprimento de tais atividades ainda que realizadas fora da instituição, desde que a consulta seja feita por escrito, através do requerimento padrão do IESI/FENORD.</p>
<p><a href="https://fenord.edu.br/site/wp-content/uploads/2025/05/Regulamento_Nace_2013_Ams_13.05.2025.pdf">Regulamento-NACE</a></p>
<p><a href="https://fenord.edu.br/site/wp-content/uploads/2025/05/Regulamento_Atividades-de-Extensao.pdf">Regulamento de Extensão</a></p>
<p><a href="https://fenord.edu.br/site/wp-content/uploads/2025/05/Resolucao-CSE-IESI-No08-do-NACE_Reeditada-em-25.03.2025.pdf">Resolução de Atividade Complementar</a></p>
<p><a href="https://fenord.edu.br/site/wp-content/uploads/2025/01/Regulamento-Extensao.pdf">Cartilha</a></p>

<p>Núcleo de Atividade Complementar e Extensão Instituído em 03 de novembro de 2011, o Núcleo de Atividade Complementar e Extensão, normatizado em regulamentado próprio, bem como pela Resolução CSE – IESI nº 08, é um dos órgãos componentes do IESI e como tal, ligado e supervisionado pela Coordenação Geral do Instituto. &hellip; </p>
