{"id":162,"date":"2025-01-30T13:00:01","date_gmt":"2025-01-30T16:00:01","guid":{"rendered":"https:\/\/fenord.edu.br\/site\/?page_id=162"},"modified":"2025-01-30T14:05:24","modified_gmt":"2025-01-30T17:05:24","slug":"bibliotecas","status":"publish","type":"page","link":"https:\/\/fenord.edu.br\/site\/bibliotecas\/","title":{"rendered":"Bibliotecas"},"content":{"rendered":"<div class=\"wp-block-group\">\n<div class=\"wp-block-group__inner-container is-layout-flow wp-block-group-is-layout-flow\">\n<p>A FENORD conta com duas Bibliotecas que se destinam a suprir as necessidades de forma\u00e7\u00e3o do corpo docente, discente e administrativo da Institui\u00e7\u00e3o.<\/p>\n<\/div>\n<\/div>\n<p>Elas ocupam uma \u00e1rea de 685 m\u00b2 e contam com amplo espa\u00e7o para estudo, pesquisa, acesso a computadores ligados \u00e0 internet, leitura de jornais, leitura de revistas informativas e cient\u00edficas, sala de v\u00eddeo e estudo em grupo, al\u00e9m de servirem como laborat\u00f3rio para os professores que desejam ministrar suas aulas utilizando o acervo e os equipamentos eletr\u00f4nicos das bibliotecas.<\/p>\n<h2 class=\"wp-block-heading\">Acervo<\/h2>\n<p>O acervo das bibliotecas, que totaliza mais de 70.000 (setenta mil) exemplares de itens, \u00e9 composto de: livros impressos, \u00e1udio-livros, peri\u00f3dicos, obras de refer\u00eancia, publica\u00e7\u00f5es em CD-ROMs, Base de dados em CD-ROMs<em>,<\/em>\u00a0fitas de v\u00eddeo, DVDs, monografias acad\u00eamicas e mapas. Ele \u00e9 atualizado constantemente, considerando as bibliografias b\u00e1sicas e complementares dos cursos, cat\u00e1logos de editoras, indica\u00e7\u00f5es de professores e sugest\u00f5es dos alunos da FENORD. Al\u00e9m de servir como fonte de pesquisa acad\u00eamica, o acervo, tamb\u00e9m possui um grande n\u00famero de t\u00edtulos destinados \u00e0 cultura, lazer e entretenimento. \u00c9 organizado de acordo com as normais internacionais de organiza\u00e7\u00e3o de informa\u00e7\u00f5es bibliogr\u00e1ficas. Os c\u00f3digos utilizados para sua organiza\u00e7\u00e3o s\u00e3o: CDU \u2013 Classifica\u00e7\u00e3o Decimal Universal, CCAA R\u00b2 \u2013 C\u00f3digo de Cataloga\u00e7\u00e3o Anglo-Americano e Tabela Cutter.<\/p>\n<h2 class=\"wp-block-heading\">Informatiza\u00e7\u00e3o<\/h2>\n<p>Considerando a grande quantidade de peri\u00f3dicos cient\u00edficos dispon\u00edveis gratuitamente na Internet, o movimento mundial de acesso livre \u00e0 informa\u00e7\u00e3o cient\u00edfica, a dificuldade para encontrar as informa\u00e7\u00f5es dispon\u00edveis no mundo virtual e o tempo dos usu\u00e1rios, as Bibliotecas contam com 2 (dois) trabalhos voltados para facilitar a localiza\u00e7\u00e3o de informa\u00e7\u00f5es dispon\u00edveis na Rede: uma Base de Dados \u2013 que se destina a indexa\u00e7\u00e3o de artigos de peri\u00f3dicos dispon\u00edveis gratuitamente na Internet; e um\u00a0<em>site<\/em>\u00a0\u2013 com indica\u00e7\u00e3o de\u00a0<em>links<\/em>\u00a0por \u00e1rea de conhecimento.<\/p>\n<p>As Bibliotecas disponibilizam computadores contendo o cat\u00e1logo automatizado do seu acervo que est\u00e1 totalmente informatizado. Pesquisas podem ser realizadas por autor, t\u00edtulo, assunto, editora, ano de publica\u00e7\u00e3o, tipo de publica\u00e7\u00e3o, entre outras informa\u00e7\u00f5es. Os servi\u00e7os de empr\u00e9stimo, devolu\u00e7\u00e3o e reserva, tamb\u00e9m est\u00e3o informatizados. Para automa\u00e7\u00e3o foi utilizado o Pergamum.<\/p>\n<h2 class=\"wp-block-heading\">Infraestrutura<\/h2>\n<p>A infraestrutura das bibliotecas \u00e9 composta de mobili\u00e1rio contendo 37 mesas, 117 cadeiras e 360 estantes. Est\u00e3o equipadas com 39 computadores sendo 34 para utiliza\u00e7\u00e3o dos alunos, 5 para gest\u00e3o dos servi\u00e7os.<\/p>\n<p>As bibliotecas possuem sistema interno de seguran\u00e7a composto por 14 c\u00e2meras de v\u00eddeo e catraca eletr\u00f4nica de entrada e sa\u00edda. Contam, ainda, com um sistema de seguran\u00e7a que dificulta a sa\u00edda de exemplares do acervo que n\u00e3o tenham passado pelo sistema de empr\u00e9stimo.<\/p>\n<h2 class=\"wp-block-heading\">Servi\u00e7os<\/h2>\n<p>Dentre os servi\u00e7os oferecidos pelas Bibliotecas destacam-se:<\/p>\n<ul class=\"wp-block-list\">\n<li>Empr\u00e9stimo domiciliar;<\/li>\n<li>Reserva de obras emprestadas;<\/li>\n<li>Visita orientada (calouros e comunidade externa);<\/li>\n<li>Exposi\u00e7\u00e3o de novas aquisi\u00e7\u00f5es;<\/li>\n<li>Treinamento de usu\u00e1rios;<\/li>\n<li>Orienta\u00e7\u00e3o quanto \u00e0 pesquisa bibliogr\u00e1fica e localiza\u00e7\u00e3o da informa\u00e7\u00e3o;<\/li>\n<li>Orienta\u00e7\u00e3o quanto \u00e0 normaliza\u00e7\u00e3o bibliogr\u00e1fica;<\/li>\n<li>Consulta base de dados local;<\/li>\n<li>Acesso \u00e0 internet;<\/li>\n<li>Servi\u00e7o de comuta\u00e7\u00e3o bibliogr\u00e1fica \u2013 COMUT;<\/li>\n<li>Consulta base de dados de peri\u00f3dicos virtuais;<\/li>\n<li>Indica\u00e7\u00e3o de\u00a0<em>sites<\/em>\u00a0relevantes por \u00e1rea de conhecimento;<\/li>\n<li>Equipamentos multim\u00eddia para fitas VHS, CD-ROMs e DVDs.<\/li>\n<li>Lista de novas aquisi\u00e7\u00f5es;<\/li>\n<\/ul>\n<h2 class=\"wp-block-heading\"><strong>Funcionamento<\/strong><\/h2>\n<p>Sala 120 \u2013 Bloco \u201cC\u201d \u2013 T\u00e9rreo<\/p>\n<p>Hor\u00e1rio: De segunda a sexta-feira das 12:00h \u00e0s 21:00h.<\/p>\n<h2 class=\"wp-block-heading\">Bibliotec\u00e1ria<\/h2>\n<p>Jocasta Moreira Pereira de Oliveira<\/p>\n<p><a href=\"mailto:jocasta@fenord.edu.br\">jocasta@fenord.edu.br<\/a><\/p>\n","protected":false},"excerpt":{"rendered":"<p>A FENORD conta com duas Bibliotecas que se destinam a suprir as necessidades de forma\u00e7\u00e3o do corpo docente, discente e administrativo da Institui\u00e7\u00e3o. Elas ocupam uma \u00e1rea de 685 m\u00b2 e contam com amplo espa\u00e7o para estudo, pesquisa, acesso a computadores ligados \u00e0 internet, leitura de jornais, leitura de revistas &hellip; <\/p>\n","protected":false},"author":1,"featured_media":0,"parent":0,"menu_order":0,"comment_status":"closed","ping_status":"closed","template":"","meta":{"_editorskit_title_hidden":false,"_editorskit_reading_time":0,"_editorskit_is_block_options_detached":false,"_editorskit_block_options_position":"{}","footnotes":""},"class_list":["post-162","page","type-page","status-publish","hentry"],"_links":{"self":[{"href":"https:\/\/fenord.edu.br\/site\/wp-json\/wp\/v2\/pages\/162","targetHints":{"allow":["GET"]}}],"collection":[{"href":"https:\/\/fenord.edu.br\/site\/wp-json\/wp\/v2\/pages"}],"about":[{"href":"https:\/\/fenord.edu.br\/site\/wp-json\/wp\/v2\/types\/page"}],"author":[{"embeddable":true,"href":"https:\/\/fenord.edu.br\/site\/wp-json\/wp\/v2\/users\/1"}],"replies":[{"embeddable":true,"href":"https:\/\/fenord.edu.br\/site\/wp-json\/wp\/v2\/comments?post=162"}],"version-history":[{"count":2,"href":"https:\/\/fenord.edu.br\/site\/wp-json\/wp\/v2\/pages\/162\/revisions"}],"predecessor-version":[{"id":219,"href":"https:\/\/fenord.edu.br\/site\/wp-json\/wp\/v2\/pages\/162\/revisions\/219"}],"wp:attachment":[{"href":"https:\/\/fenord.edu.br\/site\/wp-json\/wp\/v2\/media?parent=162"}],"curies":[{"name":"wp","href":"https:\/\/api.w.org\/{rel}","templated":true}]}}